a composite number?
False
Suppose 2*c + 85 = 3*z + 4*c, -4*z - c = -115. Let b = z + -24. Suppose -b*x - 1065 = -5*i, -4*x + 164 = 3*i - 461. Is i composite?
False
Suppose 2*v - 4*v - 16 = 0. Let y be (-2 + -4)*-2*(-2)/v. Suppose 5*w - 4*q = 333, -q - 135 = y*w - 5*w. Is w a prime number?
False
Let k(q) = 718*q**2 - 71*q - 2050. Is k(-21) composite?
True
Suppose 6*r - 148 = 122. Let n be (-468)/r - 2/(-5). Is (-2)/((-30)/11289) + n/(-25) a prime number?
False
Suppose -3*g = 4*c - 4541, -2*g + 3019 = -0*g + c. Suppose -k - 624 = -n + 875, 5*k = n - g. Is n prime?
False
Suppose -5*y + 6 = -84. Suppose p + y = 4*z, -p - 4*z + 0*z = -14. Let k(u) = -348*u - 5. Is k(p) composite?
False
Let x(h) = -42*h + 47*h + 19 + 45. Let l be x(-13). Is (-6166)/((1 - l)*-1) a prime number?
True
Suppose 6*f + 4*b - 1015209 = 9*b, 2*f - 4*b = 338410. Is f a composite number?
False
Let x(p) = 1652*p + 43. Let y = -12 + 18. Let n be x(y). Suppose -i + 826 + 1680 = -5*w, 3*w - n = -4*i. Is i prime?
False
Let v(a) = -33*a + 66. Let x be v(-21). Let r = x - -1460. Is r a composite number?
True
Suppose 11 = -3*u + 4*u + 2*x, 0 = -3*u + 5*x - 22. Let q(r) = r**3 - 2*r**2 - 7*r + 5. Let h be q(5). Is h + -1 + 5 + -3 + u a prime number?
True
Suppose 0 = 5*z + i - 6 - 6, -z = -4*i - 15. Let s(b) = -93*b + 219*b - 19 + 66*b. Is s(z) a prime number?
True
Let o(v) = 4453*v - 3291. Is o(16) composite?
False
Let a(c) = -38*c**2. Let x be a(4). Let v(m) = 115*m**2 + 4*m + 7. Let j be v(4). Let s = j + x. Is s composite?
True
Let q be (7 + -6)*(7 + -1 + -1). Suppose -7*g + 25 = -2*g + 5*f, 0 = -5*g + q*f - 5. Suppose -2*y = a - 457, -g*y - 3*a - 1115 = -7*y. Is y a composite number?
True
Let d = -414662 + 695809. Is d a prime number?
False
Suppose -3*o - 738824 = -4*y, 2*y - 4*o - 323756 - 45646 = 0. Is y composite?
True
Let a(n) = -n - 12. Let u be (-1 - 6)*(-20 + 22). Let s be a(u). Is 26355/18 + 7 - s/12 a composite number?
False
Let q(t) = -35 + 29*t + 45 + 107*t**2 + 213*t**2 - 84. Is q(3) prime?
False
Suppose 412*n = 466*n - 1220562. Is n a composite number?
True
Let p be (3 + -29)/(((-20)/8744)/5). Let b = 79593 - p. Is b a prime number?
False
Let u(s) = 1935*s**2 - 22*s - 10. Is u(-3) composite?
False
Let g(w) = 105*w + 41443. Is g(0) a composite number?
False
Suppose -13238 = -i + s + 525, i - 3*s = 13755. Suppose 3*t + 5*o - i = 0, o = -2*t + 3*o + 9178. Suppose 6*w = 2905 + t. Is w a prime number?
True
Let g = 4 + 1. Suppose -f + 89 = -g*z - 0*z, 5*z = -10. Suppose -4*x + 157 = -f. Is x a composite number?
False
Suppose 177*c - 173*c = -12, 93680 = r + c. Is r a prime number?
True
Let v = 707420 - -16181. Is v prime?
True
Let m be (42/(5 + -2))/(1 + 1). Let c = m - 4. Is (c + 671)/((-4)/(-14)) a prime number?
False
Let u(b) = b**2 + 9*b + 4. Let k be u(-9). Let y(s) = -6*s + 11*s**2 - k*s - 231 + 242. Is y(-10) prime?
False
Let g = -596 + 595. Is g/(2/12 + 72415/(-434310)) composite?
True
Suppose -24*n = -123*n - 198*n + 79176339. Is n composite?
False
Suppose -63*a + 64*a - 80 = 0. Let o = 256 - a. Suppose 3*c - o = -11. Is c a prime number?
False
Let f(u) = u**3 - 8*u**2 + 13*u - 41. Let a be f(7). Is 52163/4*4/a a composite number?
False
Let m(g) = 5897 + 23*g + 38*g - 60*g. Is m(0) composite?
False
Is (-509583)/6*236/(-118) composite?
True
Suppose 36487 = 4*d - 59617 + 11100. Is d a prime number?
False
Is 4185417/34*(-60)/(-18) prime?
False
Let g(r) be the second derivative of -r**6/72 - r**5/24 + 5*r**4/12 - 9*r. Let b(j) be the third derivative of g(j). Is b(-9) composite?
True
Let o = 179124 + -91453. Is o composite?
False
Suppose 4*j = -5*o - 3491, -4*o - 2800 = j + 4*j. Let q = 1102 + o. Is q a prime number?
False
Is (14 - (-208)/(-16))/(((-5)/(-685257))/5) composite?
True
Let g be 2/((-8)/(-4)) + 96. Let h = 0 + 2. Suppose 1079 = h*m + g. Is m a prime number?
True
Is ((24/(-28))/3)/(11 - 496080927/45098263) a composite number?
False
Let w = 11 - 4. Suppose w*p + 3 = 38. Suppose -4*y - 1247 = -6*y - p*m, 0 = -5*y - m + 3152. Is y prime?
True
Let p(t) = -t - 5. Suppose -4*o + 18 = -7*o. Let s be p(o). Is (-7)/1*(s + -6) composite?
True
Is (-701329)/((10 + 22 - 25) + -8*1) prime?
True
Let o = -37 - 11. Let y = o - -51. Suppose 6075 + 9562 = 4*b - y*w, 4*b = -2*w + 15622. Is b a composite number?
False
Suppose -16*h - 11*h + 1681104 = -3*h. Is h a prime number?
False
Let y(i) = 40*i**3 + 23*i**2 + 83*i + 57. Is y(23) composite?
True
Is 171250 - -41 - ((-14)/8 + (-1)/4) prime?
True
Let k be (1 + 0)*30/(-3). Let z be (2 + (-24)/10)/(1/k). Is 5/z + 21309/12 a composite number?
False
Let t = 1467 + -2075. Let f = t - 237. Let o = f + 1752. Is o a prime number?
True
Let k = 1077300 + -377167. Is k prime?
False
Let n = 804633 - -855932. Is n prime?
False
Let m(w) = -378*w - 15. Let i be m(-5). Let l be (-3184)/10*(-50)/20. Let b = i - l. Is b composite?
True
Let f(y) be the second derivative of 32*y + 0 - 33/2*y**2 - 1/2*y**3. Is f(-12) a prime number?
True
Let z = 146374 - -82873. Is z a prime number?
True
Suppose 0 = -y + b + 9, -2*b = -3*y + 3*b + 33. Let h = -22 + y. Let f(a) = -15*a + 9. Is f(h) a composite number?
True
Let f = -31 - 21. Let m = f + 55. Is 0 - 1 - -728 - (-7 + m) prime?
False
Let g be 1 + (-4)/1 + 4. Let d be 2/((-33)/(-27) - g). Suppose d*m + 440 = 17*m. Is m a composite number?
True
Suppose 0 = -3*a + 14*m - 19*m + 135498, -3*a - m = -135486. Is a a composite number?
False
Let d be (-2342)/(-10) + 68/85. Let i(z) = -20*z - 7. Let f be i(1). Let m = d - f. Is m a prime number?
False
Suppose -5*q = -5*d - 25, -8 = -q - 6*d + 10*d. Suppose q*u + 0*u + 2*t - 14568 = 0, -u + 4*t = -3660. Suppose 0*m = 4*m - u. Is m prime?
True
Let p(q) = 21344*q**2 - q - 8. Let a be p(-2). Suppose -19*o = -21*o + a. Is o composite?
True
Suppose -22*w + 230977 = -19*w + 4*p, 0 = -p + 1. Is w a composite number?
False
Let p = -178340 - -345721. Is p a composite number?
False
Suppose -3*n = -4*h - 6, 0*n - 5*h = -5*n + 15. Let z(g) = -2*g**2 + 13*g - 4. Let t be z(n). Suppose t*m - 8 - 606 = 0. Is m prime?
True
Let x(n) = 18*n**3 + 51*n**2 - 35*n - 1. Is x(27) prime?
True
Suppose -6416400 = -4*d + 5*q, 2*d + 3*q = 1012756 + 2195466. Is d composite?
True
Let a = -28670 - -48975. Let i = -12636 + a. Is i a prime number?
True
Let j = 140006 + -75614. Suppose 4*i = -4*f + 78792, -3*i = 2*f - j + 5299. Is i prime?
True
Suppose -4*b + 4605216 = -23*k + 22*k, 0 = -2*k - 8. Is b prime?
True
Let q(g) = -67*g**3 + 3*g**2 - 5*g + 6. Let v be q(-3). Suppose 812 = a - v. Is a a prime number?
False
Suppose 0 = -5*b + 14 + 1. Let z be 5 - (5/b + 1/3). Suppose -g + 4 = 0, 2*y - 1481 = -z*y - 4*g. Is y prime?
True
Let d(v) = v**2 - v. Let m be d(-1). Suppose -8 + 0 = m*j. Is (521/(-1))/(3 + j - 0) a composite number?
False
Let i be -2 - 168/(-70) - 106/(-10) - 5. Let p(b) = 11 - 6*b + 0*b + 2*b**3 + 2*b**3 - 5*b**2. Is p(i) prime?
True
Let d(w) = 653*w**3 + w**2 - 1. Suppose -5*v = g - 5, 3*g = 8*g + 25. Is d(v) a prime number?
True
Let s(b) = -281*b + 40. Suppose 15 = 2*a + 5. Suppose 0*i + 2*i - 39 = 3*w, 3*i + 65 = -a*w. Is s(w) composite?
True
Let d(h) = 131337*h - 5344. Is d(3) prime?
False
Suppose 0 = 65*y - 79*y + 82236. Let n = 8636 - y. Is n composite?
True
Let t(c) = 36964*c + 3867. Is t(2) composite?
True
Suppose -31*p - 46*p + 1397827 = -7475422. Is p composite?
False
Let h be 16/(-6)*(29 - 3977). Let d = h + -4947. Is d a prime number?
True
Let b = -22220 - -35613. Suppose b + 22619 = 3*h + l, -5*h + 60003 = -4*l. Is h a composite number?
True
Is 1/((-15)/10)*((-477382)/4 + -5) a composite number?
True
Let r(l) = -87 + 103*l + 42 - 123 + 55 - 175. Is r(34) a composite number?
True
Suppose 7*o + 1095 = 44103. Let b = o - 3487. Is b prime?
True
Let a(k) = 53*k - 22. Let r(z) = 212*z - 89. Let h(i) = -9*a(i) + 2*r(i). Let n be 4 - ((-20)/(-40))/((-1)/(-26)). Is h(n) a composite number?
True
Let v = 11 - 13. Let l be (-26022)/(-26) + v/(-13). Let d = l - 508. Is d prime?
False
Suppose -87903 = -v + a, -3*v + 375*a - 376*a = -263741. Is v composite?
False
Let k = -30 + 990. Let b = 134 - 355. Let d = k + b. Is d a composite number?
False
Let z(f) = -7*f**3 - 3*f**2 + f + 3. Let h(k) = 13*k**3 + 5*k**2 - 2*k - 6. Suppose -2*a - 8 = -2. Let o(b) = a*h(b) - 5*z(b). Is o(-2) pri